 and 10678439.
97
Calculate the greatest common divisor of 1440 and 37644000.
480
What is the highest common divisor of 48 and 130437132?
12
What is the greatest common factor of 1280 and 26060032?
256
What is the greatest common factor of 13466771 and 68?
17
What is the highest common factor of 7955584 and 43888?
208
What is the greatest common factor of 89218 and 1850554?
2878
Calculate the highest common factor of 646917258 and 318.
318
What is the highest common factor of 669240 and 144320?
440
What is the highest common factor of 162 and 3438612?
162
What is the highest common divisor of 174600 and 208938?
582
What is the highest common factor of 21284 and 43894?
34
Calculate the highest common divisor of 308211475 and 55.
55
Calculate the highest common factor of 194992150 and 75.
25
What is the highest common divisor of 4960 and 4830080?
160
Calculate the highest common factor of 56377860 and 46860.
660
What is the greatest common factor of 147740 and 4482?
166
Calculate the highest common divisor of 90306 and 18966.
174
What is the greatest common factor of 548 and 125560637?
137
Calculate the highest common factor of 1689 and 84620589.
1689
Calculate the greatest common factor of 928449 and 17673.
411
Calculate the greatest common factor of 1137381 and 11480.
287
What is the greatest common divisor of 67735 and 3036713?
437
Calculate the greatest common factor of 3283 and 23422463.
67
Calculate the greatest common factor of 22 and 3919820586.
22
Calculate the highest common factor of 469 and 14287357.
7
Calculate the greatest common factor of 1551 and 1266039.
141
What is the highest common divisor of 64262 and 3882009?
2921
What is the greatest common factor of 1689 and 32370811?
563
What is the highest common factor of 15600 and 2223975?
975
What is the greatest common divisor of 11374342 and 284?
142
Calculate the highest common factor of 1685 and 50777812.
337
What is the greatest common factor of 8643578 and 12322?
122
Calculate the greatest common factor of 1815 and 160005.
15
Calculate the highest common factor of 2809361 and 410.
41
What is the highest common factor of 11338710 and 90?
30
Calculate the greatest common divisor of 97195065 and 12705.
1815
Calculate the greatest common factor of 1477 and 9225923.
7
Calculate the highest common divisor of 1061980 and 15660.
580
Calculate the greatest common factor of 246 and 45238.
2
Calculate the greatest common factor of 5710 and 12193134.
1142
What is the highest common divisor of 220834 and 53192?
218
What is the highest common divisor of 57 and 945016015?
19
Calculate the greatest common divisor of 30357 and 29925.
9
What is the highest common factor of 177 and 5321269?
59
Calculate the greatest common factor of 781 and 772607.
11
Calculate the greatest common factor of 4326 and 524114367.
2163
What is the greatest common factor of 5733 and 343473?
39
What is the greatest common factor of 9 and 88429959?
9
Calculate the highest common factor of 5422 and 86461923.
2711
Calculate the greatest common divisor of 12504 and 801989367.
1563
What is the highest common factor of 6206 and 172?
2
Calculate the greatest common divisor of 45529 and 165.
11
Calculate the greatest common factor of 62222004 and 1572.
12
Calculate the greatest common factor of 38 and 99622434.
38
What is the greatest common divisor of 2223 and 1948635?
117
Calculate the greatest common divisor of 20022266 and 154.
22
What is the highest common factor of 16309474 and 628?
314
Calculate the highest common divisor of 1072 and 503952.
16
Calculate the highest common factor of 13014 and 139893993.
6507
Calculate the greatest common factor of 448 and 4328282.
14
Calculate the highest common divisor of 178 and 460338705.
89
Calculate the highest common factor of 15869420 and 3156.
1052
Calculate the highest common divisor of 10265 and 61275891.
2053
What is the highest common divisor of 142843997 and 2828?
101
Calculate the highest common factor of 525282 and 102.
6
What is the highest common factor of 506 and 49031768?
46
What is the greatest common divisor of 135841808 and 40?
8
Calculate the highest common divisor of 2 and 28826906.
2
What is the highest common factor of 35484 and 36276?
12
What is the greatest common factor of 329 and 547973?
47
What is the highest common divisor of 58870070 and 210?
70
Calculate the highest common divisor of 26236926 and 34906.
1126
What is the highest common factor of 323 and 64847?
19
What is the greatest common factor of 2029 and 111865?
1
What is the greatest common divisor of 2978842 and 170?
34
What is the greatest common divisor of 841262 and 9761?
227
What is the highest common factor of 11970 and 1938942?
18
Calculate the highest common divisor of 265 and 5343248.
53
Calculate the greatest common divisor of 30765 and 5738405.
1465
Calculate the highest common divisor of 2363 and 2457021407.
2363
Calculate the highest common divisor of 785044 and 10447.
31
Calculate the highest common factor of 24638 and 551312207.
12319
What is the highest common factor of 232 and 3866?
2
What is the highest common divisor of 1236 and 2349252?
12
What is the greatest common factor of 12580853 and 1553?
1553
Calculate the greatest common factor of 110964 and 17850.
42
What is the greatest common divisor of 10406 and 83266920?
946
Calculate the greatest common factor of 2121 and 7762153.
707
Calculate the highest common divisor of 240 and 475665.
15
What is the highest common divisor of 5468 and 716245118?
2734
Calculate the greatest common divisor of 57623 and 21025.
29
Calculate the highest common factor of 8450037 and 261.
9
What is the greatest common divisor of 150440 and 91760?
40
Calculate the highest common divisor of 252 and 177230088.
252
Calculate the highest common factor of 3218714 and 503446.
2386
Calculate the highest common factor of 3936 and 738328.
328
Calculate the greatest common factor of 584409 and 2125.
17
Calculate the highest common factor of 2813904 and 14256.
144
What is the greatest common factor of 50372 and 1795402?
3598
Calculate the highest common divisor of 48808101 and 9.
3
What is the highest common divisor of 22403 and 26101?
43
Calculate the highest common factor of 52 and 491872.
4
What is the highest common divisor of 668170 and 3270?
1090
Calculate the greatest common factor of 13455826 and 3232.
202
Calculate the greatest common factor of 2678 and 48840540.
206
What is the highest common factor of 1640 and 47373409?
41
What is the highest common divisor of 6308370 and 20358?
522
Calculate the greatest common factor of 2197 and 10200671.
2197
What is the highest common factor of 15271307 and 95?
19
What is the highest common divisor of 20319 and 1599?
39
What is the highest common factor of 1846592 and 73139?
671
What is the greatest common factor of 9153380 and 12500?
20
What is the greatest common divisor of 600945 and 1125?
15
Calculate the greatest common divisor of 2795421 and 1845.
123
Calculate the highest common factor of 1025680 and 26720.
80
Calculate the greatest common factor of 18651504 and 60.
12
Calculate the highest common factor of 80349097 and 26956.
6739
What is the highest common factor of 281129 and 92?
23
What is the highest common divisor of 3747 and 289092291?
3747
Calculate the greatest common factor of 47355466 and 1414.
202
What is the greatest common factor of 2442771 and 27?
27
Calculate the highest common factor of 2700 and 18619450.
50
What is the greatest common factor of 293454957 and 732?
183
What is the highest common divisor of 836 and 74309?
19
What is the highest common divisor of 123778 and 44162?
622
What is the highest common divisor of 8028981 and 2118015?
4869
What is the greatest common divisor of 189 and 1153019?
7
Calculate the highest common divisor of 2651 and 428980.
241
Calculate the highest common factor of 2466 and 289098.
18
What is the highest common factor of 2109790 and 170?
10
Calculate the highest common factor of 108632475 and 35.
35
What is the greatest common divisor of 616 and 1698488?
88
Calculate the greatest common factor of 1358 and 4985099.
7
Calculate the greatest common divisor of 104167493 and 197.
197
What is the greatest common divisor of 2398229 and 5587?
37
Calculate the